{"id":1395,"date":"2022-01-11T10:25:41","date_gmt":"2022-01-11T09:25:41","guid":{"rendered":"https:\/\/roulonsavelo.fr\/?page_id=1395"},"modified":"2024-03-14T11:15:57","modified_gmt":"2024-03-14T10:15:57","slug":"2-1-reparer-son-velo","status":"publish","type":"page","link":"https:\/\/roulonsavelo.fr\/index.php\/2-1-reparer-son-velo\/","title":{"rendered":"2.1 R\u00e9parer son v\u00e9lo"},"content":{"rendered":"\n<style type=\"text\/css\" data-created_by=\"avia_inline_auto\" id=\"style-css-av-rogzn-b7d0cc91a8354760d5f10a7db59e58a2\">\n.flex_column.av-rogzn-b7d0cc91a8354760d5f10a7db59e58a2{\n-webkit-border-radius:0px 0px 0px 0px;\n-moz-border-radius:0px 0px 0px 0px;\nborder-radius:0px 0px 0px 0px;\npadding:0px 0px 0px 0px;\n}\n<\/style>\n<div class='flex_column av-rogzn-b7d0cc91a8354760d5f10a7db59e58a2 av_one_full  avia-builder-el-0  el_before_av_textblock  avia-builder-el-first  first flex_column_div av-zero-column-padding '     ><article  class='iconbox iconbox_top av-6lyrur-b132d50c744a1d3c0f4b32782e4da547  avia-builder-el-1  avia-builder-el-no-sibling  main_color'  itemscope=\"itemscope\" itemtype=\"https:\/\/schema.org\/CreativeWork\" ><div class=\"iconbox_content\"><header class=\"entry-content-header\"><div class=\"iconbox_icon heading-color\" aria-hidden='true' data-av_icon='\ue856' data-av_iconfont='entypo-fontello'><\/div><h3 class='iconbox_content_title '  itemprop=\"headline\" >R\u00e9parer son v\u00e9lo<\/h3><\/header><div class='iconbox_content_container '  itemprop=\"text\" ><p>Votre v\u00e9lo prend la poussi\u00e8re parce qu&rsquo;il est en panne? Vous aimeriez apprendre \u00e0 le r\u00e9parer? Roulons \u00e0 V\u00e9lo est l\u00e0 pour \u00e7a! L&rsquo;Association vous attribue des cr\u00e9neaux de 90 min ou plus pour vous apprendre \u00e0 r\u00e9parer votre v\u00e9lo. Nous disposons d&rsquo;outils, de pi\u00e8ces d\u00e9tach\u00e9es neuves et d&rsquo;occasion.<\/p>\n<p>Nous insistons sur le fait que nous ne sommes pas r\u00e9parateurs. il faut mettre la main \u00e0 la p\u00e2te! N&rsquo;ayez aucun complexe, m\u00eame les plus novices s&rsquo;en sortent tr\u00e8s bien. Si vous souhaitez confier votre v\u00e9lo \u00e0 quelqu&rsquo;un qui r\u00e9pare \u00e0 votre place, vous pouvez vous adresser aux <a href=\"https:\/\/roulonsavelo.fr\/index.php\/x-1-professionnels-sur-avignon\/\">diff\u00e9rents magasins sur Avignon<\/a>.<\/p>\n<div  class='avia-button-wrap avia-button-center  avia-builder-el-2  avia-builder-el-no-sibling '>\n<style type=\"text\/css\" data-created_by=\"avia_inline_auto\" id=\"style-css-av-fe32b-029367eddf0f38c9ac74e1350f5f1ba9\">\n#top #wrap_all .avia-button.av-fe32b-029367eddf0f38c9ac74e1350f5f1ba9{\ncolor:#ffffff;\n-webkit-transition:all 0.4s ease-in-out;\n-moz-transition:all 0.4s ease-in-out;\n-ms-transition:all 0.4s ease-in-out;\n-o-transition:all 0.4s ease-in-out;\ntransition:all 0.4s ease-in-out;\n}\n#top #wrap_all .avia-button.av-fe32b-029367eddf0f38c9ac74e1350f5f1ba9:hover{\ncolor:#ffffff;\n-webkit-transition:all 0.4s ease-in-out;\n-moz-transition:all 0.4s ease-in-out;\n-ms-transition:all 0.4s ease-in-out;\n-o-transition:all 0.4s ease-in-out;\ntransition:all 0.4s ease-in-out;\n}\n<\/style>\n<a href='https:\/\/association-roulons-a-velo.paheko.cloud\/m\/bookings\/' class='avia-color-theme-color avia-button avia-button-fullwidth av-fe32b-029367eddf0f38c9ac74e1350f5f1ba9 avia-icon_select-yes-left-icon avia-color-theme-color'  ><span class='avia_button_icon avia_button_icon_left' aria-hidden='true' data-av_icon='\ue856' data-av_iconfont='entypo-fontello'><\/span><span class='avia_iconbox_title' >Prendre rendez-vous<\/span><span class='avia_button_background avia-button avia-button-fullwidth avia-color-theme-color-subtle'><\/span><\/a><\/div>\n<\/div><\/div><footer class=\"entry-footer\"><\/footer><\/article><\/div><section  class='av_textblock_section av-2ztmqb-ffeebb7f93b2d871fc9899d82fa712ba'  itemscope=\"itemscope\" itemtype=\"https:\/\/schema.org\/CreativeWork\" ><div class='avia_textblock'  itemprop=\"text\" ><\/div><\/section><\/p>\n","protected":false},"excerpt":{"rendered":"","protected":false},"author":1,"featured_media":0,"parent":0,"menu_order":0,"comment_status":"closed","ping_status":"closed","template":"","meta":{"_mc_calendar":[],"footnotes":""},"class_list":["post-1395","page","type-page","status-publish","hentry"],"jetpack_sharing_enabled":true,"jetpack_shortlink":"https:\/\/wp.me\/P9gOw2-mv","_links":{"self":[{"href":"https:\/\/roulonsavelo.fr\/index.php\/wp-json\/wp\/v2\/pages\/1395","targetHints":{"allow":["GET"]}}],"collection":[{"href":"https:\/\/roulonsavelo.fr\/index.php\/wp-json\/wp\/v2\/pages"}],"about":[{"href":"https:\/\/roulonsavelo.fr\/index.php\/wp-json\/wp\/v2\/types\/page"}],"author":[{"embeddable":true,"href":"https:\/\/roulonsavelo.fr\/index.php\/wp-json\/wp\/v2\/users\/1"}],"replies":[{"embeddable":true,"href":"https:\/\/roulonsavelo.fr\/index.php\/wp-json\/wp\/v2\/comments?post=1395"}],"version-history":[{"count":11,"href":"https:\/\/roulonsavelo.fr\/index.php\/wp-json\/wp\/v2\/pages\/1395\/revisions"}],"predecessor-version":[{"id":2616,"href":"https:\/\/roulonsavelo.fr\/index.php\/wp-json\/wp\/v2\/pages\/1395\/revisions\/2616"}],"wp:attachment":[{"href":"https:\/\/roulonsavelo.fr\/index.php\/wp-json\/wp\/v2\/media?parent=1395"}],"curies":[{"name":"wp","href":"https:\/\/api.w.org\/{rel}","templated":true}]}}