{"id":1416,"date":"2022-01-12T11:41:31","date_gmt":"2022-01-12T10:41:31","guid":{"rendered":"https:\/\/roulonsavelo.fr\/?page_id=1416"},"modified":"2024-03-14T11:18:22","modified_gmt":"2024-03-14T10:18:22","slug":"3-2-gravage-bicycode","status":"publish","type":"page","link":"https:\/\/roulonsavelo.fr\/index.php\/3-2-gravage-bicycode\/","title":{"rendered":"3.2 Gravage Bicycode"},"content":{"rendered":"\n<style type=\"text\/css\" data-created_by=\"avia_inline_auto\" id=\"style-css-av-b5bou0-85c39aae69346136363028e3533228d3\">\n.flex_column.av-b5bou0-85c39aae69346136363028e3533228d3{\n-webkit-border-radius:0px 0px 0px 0px;\n-moz-border-radius:0px 0px 0px 0px;\nborder-radius:0px 0px 0px 0px;\npadding:0px 0px 0px 0px;\n}\n<\/style>\n<div class='flex_column av-b5bou0-85c39aae69346136363028e3533228d3 av_one_full  avia-builder-el-0  el_before_av_one_full  avia-builder-el-first  first flex_column_div av-zero-column-padding '     ><article  class='iconbox iconbox_top av-8oi13c-6a0ac1cfcf3897e74447171ea1c952e5  avia-builder-el-1  avia-builder-el-no-sibling  main_color'  itemscope=\"itemscope\" itemtype=\"https:\/\/schema.org\/CreativeWork\" ><div class=\"iconbox_content\"><header class=\"entry-content-header\"><div class=\"iconbox_icon heading-color\" aria-hidden='true' data-av_icon='\ue8d7' data-av_iconfont='entypo-fontello'><\/div><h3 class='iconbox_content_title '  itemprop=\"headline\" >Gravage Bicycode<\/h3><\/header><div class='iconbox_content_container '  itemprop=\"text\" ><p>Pour lutter contre le vol de v\u00e9lo, Roulons \u00e0 v\u00e9lo permet \u00e0 ses adh\u00e9rents de graver leur v\u00e9lo (10\u20ac) sur rendez-vous. Le num\u00e9ro grav\u00e9 est unique et r\u00e9pertori\u00e9 dans une base de donn\u00e9es nationale.<br \/>\nCe gravage peut permettre \u00e0 la police ou gendarmerie de restituer un v\u00e9lo vol\u00e9 au propri\u00e9taire d\u00e9clar\u00e9 sur la plateforme bicycode.<br \/>\nPour plus d&rsquo;information n&rsquo;h\u00e9sitez pas \u00e0 appeler l&rsquo;atelier.<\/p>\n<p><strong>ATTENTION<\/strong> : Le marquage, quelqu&rsquo;il soit, n&rsquo;est pas un rem\u00e8de miracle contre le vol de v\u00e9lo. Munissez-vous d&rsquo;un antivol adapt\u00e9 et attachez votre v\u00e9lo en toute circonstance.<\/p>\n<div  class='avia-button-wrap avia-button-center  avia-builder-el-2  avia-builder-el-no-sibling '>\n<style type=\"text\/css\" data-created_by=\"avia_inline_auto\" id=\"style-css-av-6yu5yw-7630504124a1f6f7537ca456b2076e6d\">\n#top #wrap_all .avia-button.av-6yu5yw-7630504124a1f6f7537ca456b2076e6d{\ncolor:#ffffff;\n-webkit-transition:all 0.4s ease-in-out;\n-moz-transition:all 0.4s ease-in-out;\n-ms-transition:all 0.4s ease-in-out;\n-o-transition:all 0.4s ease-in-out;\ntransition:all 0.4s ease-in-out;\n}\n#top #wrap_all .avia-button.av-6yu5yw-7630504124a1f6f7537ca456b2076e6d:hover{\ncolor:#ffffff;\n-webkit-transition:all 0.4s ease-in-out;\n-moz-transition:all 0.4s ease-in-out;\n-ms-transition:all 0.4s ease-in-out;\n-o-transition:all 0.4s ease-in-out;\ntransition:all 0.4s ease-in-out;\n}\n<\/style>\n<a href='https:\/\/association-roulons-a-velo.paheko.cloud\/m\/bookings\/' class='avia-color-theme-color avia-button avia-button-fullwidth av-6yu5yw-7630504124a1f6f7537ca456b2076e6d avia-icon_select-yes-left-icon avia-color-theme-color'  ><span class='avia_button_icon avia_button_icon_left' aria-hidden='true' data-av_icon='\ue8d7' data-av_iconfont='entypo-fontello'><\/span><span class='avia_iconbox_title' >Prendre rendez-vous<\/span><span class='avia_button_background avia-button avia-button-fullwidth avia-color-theme-color-subtle'><\/span><\/a><\/div>\n<\/div><\/div><footer class=\"entry-footer\"><\/footer><\/article><\/div>\n<style type=\"text\/css\" data-created_by=\"avia_inline_auto\" id=\"style-css-av-66wpzc-556664ab759965460c95fb9a7f1e5feb\">\n.flex_column.av-66wpzc-556664ab759965460c95fb9a7f1e5feb{\n-webkit-border-radius:0px 0px 0px 0px;\n-moz-border-radius:0px 0px 0px 0px;\nborder-radius:0px 0px 0px 0px;\npadding:0px 0px 0px 0px;\n}\n<\/style>\n<div class='flex_column av-66wpzc-556664ab759965460c95fb9a7f1e5feb av_one_full  avia-builder-el-3  el_after_av_one_full  el_before_av_textblock  first flex_column_div av-zero-column-padding column-top-margin'     ><style type=\"text\/css\" data-created_by=\"avia_inline_auto\" id=\"style-css-av-3t4suw-23af9d2bbb0af254b9fa993b22adb35c\">\n.avia-image-container.av-3t4suw-23af9d2bbb0af254b9fa993b22adb35c img.avia_image{\nbox-shadow:none;\n}\n.avia-image-container.av-3t4suw-23af9d2bbb0af254b9fa993b22adb35c .av-image-caption-overlay-center{\ncolor:#ffffff;\n}\n<\/style>\n<div  class='avia-image-container av-3t4suw-23af9d2bbb0af254b9fa993b22adb35c av-styling- av-hover-grow avia-align-center  avia-builder-el-4  avia-builder-el-no-sibling '   itemprop=\"image\" itemscope=\"itemscope\" itemtype=\"https:\/\/schema.org\/ImageObject\" ><div class=\"avia-image-container-inner\"><div class=\"avia-image-overlay-wrap\"><img decoding=\"async\" class='wp-image-1490 avia-img-lazy-loading-not-1490 avia_image ' src=\"https:\/\/roulonsavelo.fr\/wp-content\/uploads\/2022\/01\/Grav21.png\" alt='' title='Grav21'  height=\"300\" width=\"600\"  itemprop=\"thumbnailUrl\" srcset=\"https:\/\/roulonsavelo.fr\/wp-content\/uploads\/2022\/01\/Grav21.png 600w, https:\/\/roulonsavelo.fr\/wp-content\/uploads\/2022\/01\/Grav21-300x150.png 300w, https:\/\/roulonsavelo.fr\/wp-content\/uploads\/2022\/01\/Grav21-450x225.png 450w\" sizes=\"(max-width: 600px) 100vw, 600px\" \/><\/div><\/div><\/div><\/div><\/p>\n<section  class='av_textblock_section av-1vl5oo-2227f432039d59b06404f4427c816784'  itemscope=\"itemscope\" itemtype=\"https:\/\/schema.org\/CreativeWork\" ><div class='avia_textblock'  itemprop=\"text\" ><\/div><\/section>\n","protected":false},"excerpt":{"rendered":"","protected":false},"author":1,"featured_media":0,"parent":0,"menu_order":0,"comment_status":"closed","ping_status":"closed","template":"","meta":{"_mc_calendar":[],"footnotes":""},"class_list":["post-1416","page","type-page","status-publish","hentry"],"jetpack_sharing_enabled":true,"jetpack_shortlink":"https:\/\/wp.me\/P9gOw2-mQ","_links":{"self":[{"href":"https:\/\/roulonsavelo.fr\/index.php\/wp-json\/wp\/v2\/pages\/1416","targetHints":{"allow":["GET"]}}],"collection":[{"href":"https:\/\/roulonsavelo.fr\/index.php\/wp-json\/wp\/v2\/pages"}],"about":[{"href":"https:\/\/roulonsavelo.fr\/index.php\/wp-json\/wp\/v2\/types\/page"}],"author":[{"embeddable":true,"href":"https:\/\/roulonsavelo.fr\/index.php\/wp-json\/wp\/v2\/users\/1"}],"replies":[{"embeddable":true,"href":"https:\/\/roulonsavelo.fr\/index.php\/wp-json\/wp\/v2\/comments?post=1416"}],"version-history":[{"count":9,"href":"https:\/\/roulonsavelo.fr\/index.php\/wp-json\/wp\/v2\/pages\/1416\/revisions"}],"predecessor-version":[{"id":2312,"href":"https:\/\/roulonsavelo.fr\/index.php\/wp-json\/wp\/v2\/pages\/1416\/revisions\/2312"}],"wp:attachment":[{"href":"https:\/\/roulonsavelo.fr\/index.php\/wp-json\/wp\/v2\/media?parent=1416"}],"curies":[{"name":"wp","href":"https:\/\/api.w.org\/{rel}","templated":true}]}}