{"id":1420,"date":"2022-01-12T11:42:50","date_gmt":"2022-01-12T10:42:50","guid":{"rendered":"https:\/\/roulonsavelo.fr\/?page_id=1420"},"modified":"2026-03-04T18:32:33","modified_gmt":"2026-03-04T17:32:33","slug":"3-4-balades","status":"publish","type":"page","link":"https:\/\/roulonsavelo.fr\/index.php\/3-4-balades\/","title":{"rendered":"3.4 Balades"},"content":{"rendered":"\n<style type=\"text\/css\" data-created_by=\"avia_inline_auto\" id=\"style-css-av-7sp1yk-84956677e11f5bde6703fb528112ba2e\">\n.flex_column.av-7sp1yk-84956677e11f5bde6703fb528112ba2e{\n-webkit-border-radius:0px 0px 0px 0px;\n-moz-border-radius:0px 0px 0px 0px;\nborder-radius:0px 0px 0px 0px;\npadding:0px 0px 0px 0px;\n}\n<\/style>\n<div class='flex_column av-7sp1yk-84956677e11f5bde6703fb528112ba2e av_one_full  avia-builder-el-0  avia-builder-el-no-sibling  first flex_column_div av-zero-column-padding '     ><p><article  class='iconbox iconbox_top av-6arlzg-2c84a4ff07fe4576ae4334d87213a893  avia-builder-el-1  el_before_av_icon_box  avia-builder-el-first  main_color'  itemscope=\"itemscope\" itemtype=\"https:\/\/schema.org\/CreativeWork\" ><div class=\"iconbox_content\"><header class=\"entry-content-header\"><div class=\"iconbox_icon heading-color\" aria-hidden='true' data-av_icon='\ue841' data-av_iconfont='entypo-fontello'><\/div><h3 class='iconbox_content_title '  itemprop=\"headline\" >Balades<\/h3><\/header><div class='iconbox_content_container '  itemprop=\"text\" ><p>Nous essayons d&rsquo;organiser une balade par mois. Les balades sont \u00e0 jour sur le groupe Facebook \u00ab\u00a0<span class=\"x193iq5w xeuugli x13faqbe x1vvkbs x10flsy6 x1lliihq x1s928wv xhkezso x1gmr53x x1cpjm7i x1fgarty x1943h6x xudqn12 x1g2y4wz x1q74xe4 xyesn5m x1xlr1w8 xzsf02u x1yc453h\" dir=\"auto\"><a class=\"x1i10hfl xjbqb8w x1ejq31n x18oe1m7 x1sy0etr xstzfhl x972fbf x10w94by x1qhh985 x14e42zd x9f619 x1ypdohk xt0psk2 x3ct3a4 xdj266r x14z9mp xat24cr x1lziwak xexx8yu xyri2b x18d9i69 x1c1uobl x16tdsg8 x1hl2dhg xggy1nq x1a2a7pz x1heor9g xkrqix3 x1sur9pj x1pd3egz\" tabindex=\"0\" role=\"link\" href=\"https:\/\/www.facebook.com\/groups\/1222876168162947\/\">Les adh\u00e9rents de Roulons A V\u00e9lo<\/a><\/span>\u00a0\u00bb (gros bouton noir ci-dessous) et l&rsquo;application Geovelo. Pour rejoindre dans la communaut\u00e9 Grand Avignon de Geovelo, cherchez \u00ab\u00a0Grand Avignon\u00a0\u00bb dans l&rsquo;onglet \u00ab\u00a0Communaut\u00e9s\u00a0\u00bb de Geovelo ou cliquez sur ce lien : <a href=\"https:\/\/geovelo.app\/communities\/invites\/CUTDRPH\">https:\/\/geovelo.app\/communities\/invites\/CUTDRPH<\/a> <div  class='avia-button-wrap avia-button-center  avia-builder-el-2  avia-builder-el-no-sibling '>\n<style type=\"text\/css\" data-created_by=\"avia_inline_auto\" id=\"style-css-av-464wpo-63d4b378e066dbd1d90b6af65e57a4a2\">\n#top #wrap_all .avia-button.av-464wpo-63d4b378e066dbd1d90b6af65e57a4a2{\ncolor:#ffffff;\n-webkit-transition:all 0.4s ease-in-out;\n-moz-transition:all 0.4s ease-in-out;\n-ms-transition:all 0.4s ease-in-out;\n-o-transition:all 0.4s ease-in-out;\ntransition:all 0.4s ease-in-out;\n}\n#top #wrap_all .avia-button.av-464wpo-63d4b378e066dbd1d90b6af65e57a4a2:hover{\ncolor:#ffffff;\n-webkit-transition:all 0.4s ease-in-out;\n-moz-transition:all 0.4s ease-in-out;\n-ms-transition:all 0.4s ease-in-out;\n-o-transition:all 0.4s ease-in-out;\ntransition:all 0.4s ease-in-out;\n}\n<\/style>\n<a href='https:\/\/www.facebook.com\/groups\/1222876168162947' class='avia-color-theme-color avia-button avia-button-fullwidth av-464wpo-63d4b378e066dbd1d90b6af65e57a4a2 avia-icon_select-yes-left-icon avia-color-theme-color'  ><span class='avia_button_icon avia_button_icon_left' aria-hidden='true' data-av_icon='\ue8f5' data-av_iconfont='entypo-fontello'><\/span><span class='avia_iconbox_title' >Rejoindre le groupe Facebook<\/span><span class='avia_button_background avia-button avia-button-fullwidth avia-color-theme-color-subtle'><\/span><\/a><\/div> Les itin\u00e9raires des balades pr\u00e9c\u00e9dentes sont disponibles dans Geovelo et ci-dessous, pour vous permettre de les parcourir \u00e0 votre rythme et en toute autonomie :<\/p>\n<p>Balade vers la confluence (4 km) &#8211; <a href=\"https:\/\/geovelo.app\/fr\/rides\/3589\/\">https:\/\/geovelo.app\/fr\/rides\/3589\/<\/a><br \/>\nBalade tour des remparts (5 km) &#8211; <a href=\"https:\/\/geovelo.app\/en\/rides\/5130\/\">https:\/\/geovelo.app\/fr\/rides\/5130\/<\/a><br \/>\nLiaison REV Avignon &lt;&gt; Parc expo (8 km) &#8211; <a href=\"https:\/\/geovelo.app\/fr\/rides\/5201\/\">https:\/\/geovelo.app\/fr\/rides\/5201\/<\/a><br \/>\nBalade manifestive (10 km) &#8211; <a href=\"https:\/\/geovelo.app\/fr\/rides\/5511\/\">https:\/\/geovelo.app\/fr\/rides\/5511\/<\/a><br \/>\nBalade sp\u00e9ciale AG (20km) &#8211; <a href=\"https:\/\/geovelo.app\/fr\/rides\/14004\/\">https:\/\/geovelo.app\/fr\/rides\/14004\/<\/a><br \/>\nLiaison REV Avignon &lt;&gt; Velleron (Via Venaissia, 21 km) &#8211; <a href=\"https:\/\/geovelo.app\/fr\/rides\/8750\/\">https:\/\/geovelo.app\/fr\/rides\/8750\/<\/a><br \/>\nBalade des \u00eeles du Rh\u00f4ne (26 km) &#8211; <a href=\"https:\/\/geovelo.app\/fr\/rides\/4825\/\">https:\/\/geovelo.app\/fr\/rides\/4825\/<\/a><br \/>\nBalade de l&rsquo;\u00e9tang du Pujaut (30 km) &#8211; <a href=\"https:\/\/geovelo.app\/fr\/rides\/6088\/\">https:\/\/geovelo.app\/fr\/rides\/6088\/<\/a><br \/>\nAViGNON BiKE TOUR (31 km) &#8211; <a href=\"https:\/\/geovelo.app\/fr\/rides\/8603\/\">https:\/\/geovelo.app\/fr\/rides\/8603\/<\/a><br \/>\nBalade vers la Sorgue (33 km) &#8211; <a href=\"https:\/\/geovelo.app\/fr\/rides\/6322\/\">https:\/\/geovelo.app\/fr\/rides\/6322\/<\/a><br \/>\nPonts et contre-canal du Rh\u00f4ne (34 km &#8211; <a href=\"https:\/\/geovelo.app\/fr\/rides\/3636\/\">https:\/\/geovelo.app\/fr\/rides\/3636\/<\/a><br \/>\nBalade des passerelles (47 km) &#8211; <a href=\"https:\/\/geovelo.app\/fr\/rides\/5435\/\">https:\/\/geovelo.app\/fr\/rides\/5435\/<\/a><br \/>\nBalade Le Pont du Gard \u00e0 v\u00e9lo (79 km) &#8211; <a href=\"https:\/\/geovelo.app\/fr\/rides\/4977\/\">https:\/\/geovelo.app\/fr\/rides\/4977\/<\/a><\/p>\n<p>D&rsquo;autres balades sont propos\u00e9es par l&rsquo;Office du Tourisme du Grand Avignon, elles sont visibles en cliquant sur les punaises bleues dans la carte ci-dessous. Enfin, si vous avez plut\u00f4t envie de d\u00e9finir votre propre balade, vous pouvez utiliser le calculateur d&rsquo;itin\u00e9raire ci-dessous ou le g\u00e9n\u00e9rateur de balade dans l&rsquo;application Geovelo (onglet \u00ab\u00a0Explorer\u00a0\u00bb). Dans ce dernier, il suffit de d\u00e9finir une dur\u00e9e ou une distance et hop, une balade fort sympathique vous est propos\u00e9e instantan\u00e9ment depuis l&rsquo;endroit o\u00f9 vous \u00eates !<\/p>\n<\/div><\/div><footer class=\"entry-footer\"><\/footer><\/article><br \/>\n<article  class='iconbox iconbox_top av-mhjcxib1-8b08d91e75f3199d23d760f423f84a48  avia-builder-el-3  el_after_av_icon_box  avia-builder-el-last  main_color'  itemscope=\"itemscope\" itemtype=\"https:\/\/schema.org\/CreativeWork\" ><div class=\"iconbox_content\"><header class=\"entry-content-header\"><div class=\"iconbox_icon heading-color\" aria-hidden='true' data-av_icon='\ue841' data-av_iconfont='entypo-fontello'><\/div><h3 class='iconbox_content_title '  itemprop=\"headline\" >Calculateur d\u2019itin\u00e9raire<\/h3><\/header><div class='iconbox_content_container '  itemprop=\"text\" ><p>Geovelo est une application gratuite de navigation \u00e0 v\u00e9lo qui propose des itin\u00e9raires s\u00e9curis\u00e9s, adapt\u00e9s au niveau de chaque cycliste. Que vous soyez en balade, en trajet domicile-travail ou en voyage \u00e0 v\u00e9lo, Geovelo vous guide sur les meilleures pistes cyclables, voies partag\u00e9es et routes peu fr\u00e9quent\u00e9es. Disponible sur smartphone, elle permet aussi de suivre ses statistiques, de contribuer \u00e0 l\u2019am\u00e9lioration des am\u00e9nagements cyclables et de d\u00e9couvrir les points d\u2019int\u00e9r\u00eat \u00e0 proximit\u00e9.<\/p>\n<p><img decoding=\"async\" title=\"\" src=\"https:\/\/destination.hauts-de-seine.fr\/Local\/cdt92\/scripts\/ckeditor\/smileys\/fleche_verte.gif\" alt=\"\" \/> A t\u00e9l\u00e9charger pour\u00a0 <a href=\"https:\/\/apps.apple.com\/fr\/app\/geovelo-gps-stats-v%C3%A9lo\/id1261357713\" target=\"_blank\" rel=\"noopener\">iPhone<\/a> ou <a href=\"https:\/\/play.google.com\/store\/apps\/details?id=fr.geovelo&amp;hl=fr&amp;gl=US&amp;pli=1\" target=\"_blank\" rel=\"noopener\">Android<\/a> ou via navigateur web : <a href=\"https:\/\/geovelo.app\">https:\/\/geovelo.app<\/a><\/p>\n<p><iframe loading=\"lazy\" src=\"https:\/\/widget.geovelo.app\/iframe\/?id=2&amp;api-key=8541c6ea-f716-41f0-9ef9-a71386f5f72f\" width=\"80%\" height=\"500px\" allowfullscreen=\"allowfullscreen\"><\/iframe><\/p>\n<\/div><\/div><footer class=\"entry-footer\"><\/footer><\/article><\/p><\/div>\n","protected":false},"excerpt":{"rendered":"","protected":false},"author":1,"featured_media":0,"parent":0,"menu_order":0,"comment_status":"closed","ping_status":"closed","template":"","meta":{"_mc_calendar":[],"footnotes":""},"class_list":["post-1420","page","type-page","status-publish","hentry"],"jetpack_sharing_enabled":true,"jetpack_shortlink":"https:\/\/wp.me\/P9gOw2-mU","_links":{"self":[{"href":"https:\/\/roulonsavelo.fr\/index.php\/wp-json\/wp\/v2\/pages\/1420","targetHints":{"allow":["GET"]}}],"collection":[{"href":"https:\/\/roulonsavelo.fr\/index.php\/wp-json\/wp\/v2\/pages"}],"about":[{"href":"https:\/\/roulonsavelo.fr\/index.php\/wp-json\/wp\/v2\/types\/page"}],"author":[{"embeddable":true,"href":"https:\/\/roulonsavelo.fr\/index.php\/wp-json\/wp\/v2\/users\/1"}],"replies":[{"embeddable":true,"href":"https:\/\/roulonsavelo.fr\/index.php\/wp-json\/wp\/v2\/comments?post=1420"}],"version-history":[{"count":32,"href":"https:\/\/roulonsavelo.fr\/index.php\/wp-json\/wp\/v2\/pages\/1420\/revisions"}],"predecessor-version":[{"id":2854,"href":"https:\/\/roulonsavelo.fr\/index.php\/wp-json\/wp\/v2\/pages\/1420\/revisions\/2854"}],"wp:attachment":[{"href":"https:\/\/roulonsavelo.fr\/index.php\/wp-json\/wp\/v2\/media?parent=1420"}],"curies":[{"name":"wp","href":"https:\/\/api.w.org\/{rel}","templated":true}]}}