{"id":2554,"date":"2025-04-16T17:43:25","date_gmt":"2025-04-16T15:43:25","guid":{"rendered":"https:\/\/roulonsavelo.fr\/?page_id=2554"},"modified":"2025-04-16T17:57:35","modified_gmt":"2025-04-16T15:57:35","slug":"fresque-de-la-mobilite","status":"publish","type":"page","link":"https:\/\/roulonsavelo.fr\/index.php\/fresque-de-la-mobilite\/","title":{"rendered":"Fresque de la mobilit\u00e9"},"content":{"rendered":"<p><strong style=\"color: #9eb57d; font-size: 2em;\">D\u00e9carboner la mobilit\u00e9, c&rsquo;est bien joli, mais on n\u2019a pas tous la m\u00eame vie\u2026 c\u2019est compliqu\u00e9\u2026 alors on fait quoi ?<\/p>\n<p>Pour commencer&#8230;Roulons \u00e0 V\u00e9lo vous propose une <strong><a href=\"https:\/\/fresquedelamobilite.org\/\">fresque de la mobilit\u00e9<\/a> !<\/strong><\/strong><\/p>\n<h2>La Fresque de la Mobilit\u00e9 \u2014 Ensemble, repensons nos d\u00e9placements !<\/h2>\n<p><strong><a href=\"https:\/\/fresquedelamobilite.org\/\">La Fresque de la Mobilit\u00e9<\/a><\/strong> est un atelier ludique et collaboratif ouvert \u00e0 toutes et tous. En 2 heures, on explore les impacts de nos d\u00e9placements et on r\u00e9fl\u00e9chit ensemble \u00e0 des solutions concr\u00e8tes, dans une ambiance conviviale.<\/p>\n<h3>Pour qui ?<\/h3>\n<p>Cet atelier est <strong>grand public<\/strong> : habitants, \u00e9tudiants, familles, curieux\u2026 Pas besoin d\u2019\u00eatre expert\u00b7e, juste envie de participer !<\/p>\n<h3>Pourquoi venir ?<\/h3>\n<ul>\n<li>Comprendre les enjeux de la mobilit\u00e9 durable<\/li>\n<li>Partager des id\u00e9es et des pistes d&rsquo;action<\/li>\n<li>Rencontrer d&rsquo;autres citoyens engag\u00e9s<\/li>\n<\/ul>\n<h3>Vous voulez organiser ou participer \u00e0 une fresque? <a href=\"https:\/\/roulonsavelo.fr\/index.php\/contact\/\">Contactez-nous ici!<\/a><\/p>\n<p><img loading=\"lazy\" decoding=\"async\" class=\"alignleft size-medium wp-image-2568\" src=\"https:\/\/roulonsavelo.fr\/wp-content\/uploads\/2025\/04\/1736865191226-300x225.jpg\" alt=\"\" width=\"550\" height=\"225\" \/><br \/>\n<img loading=\"lazy\" decoding=\"async\" class=\"alignright size-medium wp-image-2573\" src=\"https:\/\/roulonsavelo.fr\/wp-content\/uploads\/2025\/04\/fresque-mobilite-leviers-individuels-1024x669-1-300x196.png\" alt=\"\" width=\"550\" height=\"225\" \/><\/p>\n","protected":false},"excerpt":{"rendered":"<p>D\u00e9carboner la mobilit\u00e9, c&rsquo;est bien joli, mais on n\u2019a pas tous la m\u00eame vie\u2026 c\u2019est compliqu\u00e9\u2026 alors on fait quoi ? Pour commencer&#8230;Roulons \u00e0 V\u00e9lo vous propose une fresque de la mobilit\u00e9 ! La Fresque de la Mobilit\u00e9 \u2014 Ensemble, repensons nos d\u00e9placements ! La Fresque de la Mobilit\u00e9 est un atelier ludique et collaboratif [&hellip;]<\/p>\n","protected":false},"author":1,"featured_media":0,"parent":0,"menu_order":0,"comment_status":"closed","ping_status":"closed","template":"","meta":{"_mc_calendar":[],"footnotes":""},"class_list":["post-2554","page","type-page","status-publish","hentry"],"jetpack_sharing_enabled":true,"jetpack_shortlink":"https:\/\/wp.me\/P9gOw2-Fc","_links":{"self":[{"href":"https:\/\/roulonsavelo.fr\/index.php\/wp-json\/wp\/v2\/pages\/2554","targetHints":{"allow":["GET"]}}],"collection":[{"href":"https:\/\/roulonsavelo.fr\/index.php\/wp-json\/wp\/v2\/pages"}],"about":[{"href":"https:\/\/roulonsavelo.fr\/index.php\/wp-json\/wp\/v2\/types\/page"}],"author":[{"embeddable":true,"href":"https:\/\/roulonsavelo.fr\/index.php\/wp-json\/wp\/v2\/users\/1"}],"replies":[{"embeddable":true,"href":"https:\/\/roulonsavelo.fr\/index.php\/wp-json\/wp\/v2\/comments?post=2554"}],"version-history":[{"count":32,"href":"https:\/\/roulonsavelo.fr\/index.php\/wp-json\/wp\/v2\/pages\/2554\/revisions"}],"predecessor-version":[{"id":2590,"href":"https:\/\/roulonsavelo.fr\/index.php\/wp-json\/wp\/v2\/pages\/2554\/revisions\/2590"}],"wp:attachment":[{"href":"https:\/\/roulonsavelo.fr\/index.php\/wp-json\/wp\/v2\/media?parent=2554"}],"curies":[{"name":"wp","href":"https:\/\/api.w.org\/{rel}","templated":true}]}}

Fresque de la mobilité

<p><strong style="color: #9eb57d; font-size: 2em;">Décarboner la mobilité, c&rsquo;est bien joli, mais on n’a pas tous la même vie… c’est compliqué… alors on fait quoi ?</p>
<p>Pour commencer&#8230;Roulons à Vélo vous propose une <strong><a href="https://fresquedelamobilite.org/">fresque de la mobilité</a> !</strong></strong></p>
<h2>La Fresque de la Mobilité — Ensemble, repensons nos déplacements !</h2>
<p><strong><a href="https://fresquedelamobilite.org/">La Fresque de la Mobilité</a></strong> est un atelier ludique et collaboratif ouvert à toutes et tous. En 2 heures, on explore les impacts de nos déplacements et on réfléchit ensemble à des solutions concrètes, dans une ambiance conviviale.</p>
<h3>Pour qui ?</h3>
<p>Cet atelier est <strong>grand public</strong> : habitants, étudiants, familles, curieux… Pas besoin d’être expert·e, juste envie de participer !</p>
<h3>Pourquoi venir ?</h3>
<ul>
<li>Comprendre les enjeux de la mobilité durable</li>
<li>Partager des idées et des pistes d&rsquo;action</li>
<li>Rencontrer d&rsquo;autres citoyens engagés</li>
</ul>
<h3>Vous voulez organiser ou participer à une fresque? <a href="https://roulonsavelo.fr/index.php/contact/">Contactez-nous ici!</a></p>
<p><img loading="lazy" decoding="async" class="alignleft size-medium wp-image-2568" src="https://roulonsavelo.fr/wp-content/uploads/2025/04/1736865191226-300x225.jpg" alt="" width="550" height="225" /><br />
<img loading="lazy" decoding="async" class="alignright size-medium wp-image-2573" src="https://roulonsavelo.fr/wp-content/uploads/2025/04/fresque-mobilite-leviers-individuels-1024x669-1-300x196.png" alt="" width="550" height="225" /></p>

<p>Décarboner la mobilité, c&rsquo;est bien joli, mais on n’a pas tous la même vie… c’est compliqué… alors on fait quoi ? Pour commencer&#8230;Roulons à Vélo vous propose une fresque de la mobilité ! La Fresque de la Mobilité — Ensemble, repensons nos déplacements ! La Fresque de la Mobilité est un atelier ludique et collaboratif [&hellip;]</p>
